(12).
2
Let a be 5/20 - (-231)/(-12). Let l = a + 37. List the prime factors of l.
2, 3
Suppose -l + 2*a - 11 = 0, 5*l - 3*a + 7 = -48. Let w = l - -14. Suppose -13 = -t + 2*g - w, t - 3*g - 13 = 0. What are the prime factors of t?
2
Let w = -42 - -41. Let x(s) = 121*s**2 + 3*s + 2. List the prime factors of x(w).
2, 3, 5
Let x(v) = v**3 - 7*v**2 + 7*v + 8. Let y be x(7). Suppose 0 = b + 2*f - y, 23 = b - 5*f - 48. Let r = -7 + b. List the prime factors of r.
2, 3
Let g(c) = 122*c**3 + c**2. Let u be g(1). Let y = -62 + u. What are the prime factors of y?
61
Let k(u) = 7*u**2 + u. Let r be k(2). Let b = -19 + r. What are the prime factors of 2 + 2 + 77/b?
11
Suppose 17*c = -5477 + 18040. List the prime factors of c.
739
Suppose -5*b + 10 = 0, -3*f - 79 = -b - 992. Suppose -10*k = -15*k + f. List the prime factors of k.
61
Suppose 0 = 6*h - 2*h - 4. Let y be (-185 + -11)/(h + -3). Suppose -33 = x - y. What are the prime factors of x?
5, 13
Suppose 12754 = 41*r - 10862. List the prime factors of r.
2, 3
Let x be 732/5 - (-26)/(-65). Suppose 2*i + 4*f - x = 0, 0 = -0*f - 3*f - 15. What are the prime factors of i?
83
Suppose j - 7*j = -30. Suppose -4*a = 2*g - 128, 4*g - 158 = -j*a + 2*g. List the prime factors of a.
2, 3, 5
Let p = -949 + 2076. What are the prime factors of p?
7, 23
Let x(i) = -22*i + 4. Let q be x(4). Let g = q - -224. What are the prime factors of g?
2, 5, 7
Suppose 23*u - 888 = 19*u. What are the prime factors of u?
2, 3, 37
Suppose 0 = 78*f - 9*f - 172776. What are the prime factors of f?
2, 313
Let o(y) = -y + 2. Let s be o(6). Let h = -2 - s. Suppose -19 = -v - h. List the prime factors of v.
17
Suppose -4*n + 6135 = 5*v, -3*v + 4*n = 922 - 4635. List the prime factors of v.
1231
Suppose -3 = h, -4*h - 31 = 4*o + 21. List the prime factors of o - -8 - (-140)/1.
2, 3, 23
List the prime factors of ((-24)/36)/(((-24)/4203)/4).
467
Suppose 3*p + 43*y - 4122 = 47*y, 2*y = 0. List the prime factors of p.
2, 3, 229
Let d = 455 + -111. List the prime factors of d.
2, 43
Let o(q) = 6*q - 13. Let t be o(3). Suppose -987 + 322 = -t*y. List the prime factors of y.
7, 19
Let r(g) be the third derivative of -g**4/3 - g**3/6 - 16*g**2. Let j(z) = -z**2 + 3*z - 3. Let y be j(3). List the prime factors of r(y).
23
Let r(q) = 7*q - 140. What are the prime factors of r(28)?
2, 7
Suppose 795 = 9*u - 2373. List the prime factors of u.
2, 11
Suppose 4*i - 3*d + 20496 = 0, -2*d = 4*i + 273 + 20203. What are the prime factors of (6/(-4))/(i/852 - -6)?
2, 71
Let t(d) = 2*d + 4. Let s be t(-5). Let n be 144/27 + 2/s. Suppose -4*u - 5 = n*q, -8*q - 3*u = -3*q. What are the prime factors of q?
3
Let p be (3/9)/((-1)/(-12)). Let z(x) = -p*x + 2 - x - x**2 + x**3 + 3*x. What are the prime factors of z(2)?
2
Suppose 0 = -2*k + 55 + 73. Suppose -416 = -8*p - k. What are the prime factors of p?
2, 11
Let y = -16 + 15. Let u be (-6)/(1/(y/2)). Suppose 0 = 5*c + d - 157, -4*c - u*d + 126 = -2*d. List the prime factors of c.
31
Let m(q) = -4*q**2 + 0*q**2 - 4*q + 5*q**2 - 5*q - 8. What are the prime factors of m(19)?
2, 7, 13
Let z(x) = -2*x + 15. Let s be z(9). Let h be 3*((0 - s) + 4). Suppose 0*y + y = h. What are the prime factors of y?
3, 7
Suppose -8 = 2*z - 12. Suppose -z*b + 308 = q - 5*q, -283 = -2*b - q. What are the prime factors of b?
2, 3
Suppose 2478 = k - 503. What are the prime factors of k?
11, 271
Let b = 7 + 7. Suppose 5*y + 1 = -m + 2, 5*m = -3*y + 5. Let r = b - m. What are the prime factors of r?
13
Let p(q) = -q**3 - 4*q**2 + 5*q + 4. Let j be p(-5). Let h(i) = -j*i - 5*i + 7*i - 2*i. What are the prime factors of h(-1)?
2
Let i = 13 - 5. Let l = i - 3. Suppose l*v - 2*v = 57. List the prime factors of v.
19
Suppose 5*b - 6139 = 741. List the prime factors of b.
2, 43
Let u(y) = 3*y - 6. Let r be u(6). What are the prime factors of 868/15 + r/90?
2, 29
Let w(j) = -38*j + 169. What are the prime factors of w(-13)?
3, 13, 17
Suppose -r = 4 - 3. Let u = 920 + -919. List the prime factors of (31 - r)/u + 3.
5, 7
Let x be (-2)/11 + (-897)/(-33). Let k = 10 - 5. Suppose -k*g + x + 113 = 0. What are the prime factors of g?
2, 7
Suppose 0 = -11*x + 8*x + 9. Suppose -149 + 2 = -x*a. What are the prime factors of a?
7
Let z be -3 + 1/(3/69). Suppose 5*j + 0 - z = 0. Suppose -175 = -j*u - u. What are the prime factors of u?
5, 7
Let d(p) = -2*p + 1. Let j be d(-8). Let l = 22 - j. Suppose -l*h + 63 + 30 = 3*c, 0 = 4*c - 5*h - 159. List the prime factors of c.
2, 3
Suppose 5*u + 0*u - 3*y = 1536, 3*u - 939 = -4*y. List the prime factors of u.
3, 103
Suppose 9*k + 3393 = 135. Let z = k + 515. List the prime factors of z.
3, 17
Let k(s) = -s**2 - 3*s - 4. Let q be k(0). List the prime factors of 135/q*(16 - 20).
3, 5
Let w = 772 + 1855. What are the prime factors of w?
37, 71
Let m(k) = -k + 24. Let c be m(14). Let z(d) = -d**2 + 16*d - 14. List the prime factors of z(c).
2, 23
Suppose -6 = 5*l + 39. Let g(i) be the first derivative of -i**3/3 - 6*i**2 - 10*i - 4. What are the prime factors of g(l)?
17
List the prime factors of ((-3932)/(-8))/((-3)/(-12)).
2, 983
Suppose 2*f - 5*f = -12. Let x(y) = 3*y - 6. Let s be x(f). Suppose -114 = s*i - 9*i. List the prime factors of i.
2, 19
Let o = -53 + 53. Suppose o*c + 2*c - d = 428, 3*d = 4*c - 852. List the prime factors of c.
2, 3
Let u = 504 + -142. Let o = -216 + u. What are the prime factors of o?
2, 73
Suppose 3*f + 32 = -f. Let m = 14 + f. Suppose -w - 4*h + 38 = 0, 5*w - 3*h + m*h - 173 = 0. List the prime factors of w.
2, 17
Let x = 12 - 10. Suppose -214 = -3*u + 2*v, -x*u + 2*v + 172 - 30 = 0. Suppose -26*h + 22*h = -u. What are the prime factors of h?
2, 3
Let n be (-1)/(1/(10 - 3)). Let z(f) = 4*f**2 + 17*f - 3. List the prime factors of z(n).
2, 37
Let v = 660 + -269. List the prime factors of v.
17, 23
Let s(d) = 21*d**2 + 7*d + 7. Let g(j) = 10*j**2 + 4*j + 4. Let h(k) = -5*g(k) + 3*s(k). Let i be h(2). Let u = -1 + i. What are the prime factors of u?
2, 3
Let y be 10/(-35) + 2/7. Suppose y*c = c - 46. Suppose -4*w - 2*z = -0*w - 76, 0 = 2*w + 5*z - c. List the prime factors of w.
2, 3
Suppose 0 = 82*f - 89*f + 3353. What are the prime factors of f?
479
Suppose 0 = 10*m - 9*m - 2. Suppose -2*x - m*j = -22, 2*x = 2*j + 19 + 3. List the prime factors of x.
11
What are the prime factors of -7 - 116/(-16) - 30364/(-16)?
2, 13, 73
Let o be (-15)/6*(-40)/25. Suppose -2*x = 4*l - 26, o*l - 3*x = -6*x + 29. Suppose 36 = 3*y - l*a, -3*a - 41 = -3*y - 5. List the prime factors of y.
2, 3
Let f(w) = 7*w + 54. Let y be f(-7). List the prime factors of 204 + y/(-10)*8.
2, 5
Let p(m) = 95*m - 84. List the prime factors of p(10).
2, 433
Let l be 74 - 4*1/1. Suppose -4*g + 13 = 5. Suppose l = 2*v - 4*x, -v + g*v - 5*x = 47. What are the prime factors of v?
3
Let v = -2279 - -6021. What are the prime factors of v?
2, 1871
Let s(m) = 9*m + 19. List the prime factors of s(9).
2, 5
Let k be 24/(-32) - (-194)/(-8). Let n = 24 + k. What are the prime factors of (-1 - (-3)/n) + 62?
2, 29
Let g = -4 + 16. What are the prime factors of (-2 - -4) + (g - 1)?
13
Let m be ((-24)/(-28))/(6/28). Suppose -4*q + 528 = -4*p, 506 = m*q + 4*p - 54. List the prime factors of q.
2, 17
Let c be 0/(8/2 - 5). Suppose 5*w + 2 - 7 = c. What are the prime factors of 126/12*2/w?
3, 7
Suppose -3*s - 372 = -2136. What are the prime factors of s?
2, 3, 7
Suppose 935 = 7*w + 10*w. What are the prime factors of w?
5, 11
What are the prime factors of (-24)/8 + (-3 - -34)?
2, 7
Suppose 5*l - 5*h + 0*h - 660 = 0, l - 5*h - 148 = 0. List the prime factors of l.
2
Suppose -2*i + 28 = i - z, 3*i + 2*z - 34 = 0. Suppose i = 3*p - 5. Suppose 23 + 202 = p*j. List the prime factors of j.
3, 5
List the prime factors of (-2488)/((-4 - -1) + 1).
2, 311
Let v = 6 + -5. Let z be (4/(-8))/(v/(-10)). Suppose z*u - 85 = 5*w, 4*u - 2*w + w = 77. List the prime factors of u.
2, 5
Suppose -q = s - 1 - 0, 4*q - s - 19 = 0. Suppose 0 = -4*j - 0*j + 5*h - 21, 6 = j + h. Let m = q - j. What are the prime factors of m?
3
Suppose -4*i = 3*n - 821, 10*i - 3*n - 851 = 6*i. What are the prime factors of i?
11, 19
Let q(r) = -r**2 + 7*r + 5. Let t be q(7). Suppose -2*g = -g - t. List the prime factors of g.
5
Let n(v) = 164*v**3 + v. Let h be n(1). Let m = -41 + h.